ppose 4*d - 3*a = 13, 0 = -0*d + 5*d - 4*a - 16. Suppose -2*f + 24 = -d*n, -3*n + 3*f - 16 - 5 = 0. Let k(v) = -v - 6. Give k(n).
-1
Suppose 53*n + 280 = 67*n. Let x(c) = 7*c**2 + 10*c**2 - 6*c + 8 + 2*c**2 - n*c**2 + 0. Let o = -2 + -5. Calculate x(o).
1
Let j be 3 + -3 + 4 - 25. Let y = 27 - 45. Let x = y - j. Let v(q) = -q**3 + 4*q**2 - 2*q - 3. What is v(x)?
0
Let i(s) = -11*s - 4. Let y = -1365 - -1363. What is i(y)?
18
Suppose -48 = 4*b + 4*f, 7*f + 24 = -2*b + 12*f. Let j be 3 - -2 - (4 + b). Let r(s) = s - 16. Determine r(j).
-3
Let g(c) = -3*c - 153. Let h be g(-54). Let r(a) = -6*a**3 - 2*a**2 + 2*a**2 + 13 + 6*a + 8*a**2 + 5*a**3. Determine r(h).
-14
Let z(l) = -4*l**2 - 3. Let v(x) = -30*x - 11. Let u be v(8). Let k = u - -254. What is z(k)?
-39
Let o(k) = k**2 + 10*k - 36. Suppose -3*q + f = 39, -1 - 38 = 4*q + 3*f. Give o(q).
-12
Let s(m) = m**2 + m - 2. Suppose 0 = 2*p + 254 + 644. Let g = 451 + p. Give s(g).
4
Let h(j) = 4*j - 18. Let v(n) = 100*n - 1395. Let k be v(14). What is h(k)?
2
Let o(m) = m**2 + 16*m - 7. Let x(d) = 2*d**3 + 133*d**2 + 64*d - 148. Let s be x(-66). What is o(s)?
-7
Let j(k) = -44*k + 4*k**2 - 1294 + 2591 - 2*k**2 + k**2 - 1303. Give j(15).
9
Let y be 1 + -6 + 16 - 5. Let x(t) = t - 1. Let s(w) = -w + 1. Let l(g) = y*s(g) + 7*x(g). Calculate l(-5).
-6
Let p(y) = y**2 + 11*y + 5. Let s be (2 - -1 - 7) + 6. Let l(g) = -2*g**2 - 20*g - 10. Let c(a) = s*l(a) + 5*p(a). What is c(-14)?
-9
Let m = -4801 - -4793. Let o(s) = 9*s - 9. Let j(k) = -4*k + 5. Let b be 2/(-1) + -8 + -3. Let x(v) = b*j(v) - 6*o(v). Determine x(m).
5
Let u = -137 - -133. Let b(h) = 2*h**2. Let k(g) = 6*g**2 - g + 1. Let j(n) = u*b(n) + k(n). Calculate j(1).
-2
Let v(m) = -m - 4. Let k be v(0). Let u(r) = 4*r**2 + 2*r + 9. Let t(c) = -25294*c**2 + 12646*c**2 + c + 12651*c**2 + 8. Let g(q) = k*u(q) + 5*t(q). Give g(-6).
-14
Suppose 2*z - 20 = -14. Suppose -4*q + 50 = 5*g - 4, z*q + 7 = g. Suppose -34*a = -39*a + g. Let y(d) = -3*d**3 + d**2 + 3*d - 3. Determine y(a).
-17
Let a(r) = r**3 - 7*r**2 + 3*r + 141. Let y(t) = 2*t**3 - 14*t**2 + 5*t + 270. Let g(w) = 11*a(w) - 6*y(w). Give g(5).
-4
Suppose 584*r - 850*r - 6650 = 0. Let z(j) = j**2 + 26*j + 22. What is z(r)?
-3
Let x(p) be the second derivative of p**4/6 + 3*p**3/2 - 5*p**2 - 2059*p. Determine x(-6).
8
Suppose 2*d + 3*h - 7 = 4*h, 5*d - 2*h - 16 = 0. Suppose 0 = 6*j - d*j - 16. Let w(x) be the third derivative of -x**4/12 + x**3/6 - 274*x**2. What is w(j)?
-7
Let o(s) be the first derivative of 201 + 4/3*s**3 - 1/2*s**2 + 1/4*s**4 + s. Calculate o(-3).
13
Let y(w) = w**2 - 2*w - 1. Let f(t) be the second derivative of t**5/20 - 3*t**4/4 - t**3/3 + 8*t**2 + 2*t + 101. Let s be f(9). Give y(s).
7
Suppose -3*s + 124*b - 119*b = 35, s - 5*b = -15. Let p(y) = -y**2 - 9*y - 9. Give p(s).
-19
Let g(q) be the first derivative of q**3/3 - 7*q**2/2 - 14*q - 4320. What is g(8)?
-6
Let a(z) = -z + z - 4*z. Let c(b) = 2*b + 88. Let u be c(-44). Suppose u = -414*v + 424*v - 10. What is a(v)?
-4
Let r(d) be the third derivative of -d**5/60 + d**4/3 + 65*d**3/6 + 11*d**2 + 10. Calculate r(-6).
-19
Let y = 2572 - 2568. Let p(s) = -5*s - 13. Calculate p(y).
-33
Let b(y) = -y + 2. Let t(k) = 2*k - 6. Let p be t(6). Suppose p*l - 47 = 13. Suppose -3*m + l = 2*m. Calculate b(m).
0
Let y(c) = c**3 - 6*c**2 + 4. Let v(q) be the third derivative of q**6/60 - 9*q**5/20 + 11*q**4/24 + 16*q**3/3 - 34*q**2 + q. Let x be v(13). Determine y(x).
4
Suppose -g + 10 = 12, y + 4*g = -43. Let d be ((-20)/y)/((-3)/(-21)). Let k(v) = 2*v - 7. Give k(d).
1
Let j(a) = -7*a**2 + 3*a - 10. Let v(u) = 7*u**2 - 5*u**2 + 1 + 1 - u**2. Let f(y) = j(y) + 5*v(y). Let l(r) = r**2 + 2*r - 1. Let w be l(-3). Give f(w).
-2
Let g(i) = -i + 13. Suppose 13*o = 21*o + 920. Let k = o - -123. What is g(k)?
5
Let u(t) be the first derivative of 7*t**3/3 - 5*t**2 + 9*t - 100. Let p be u(1). Let y(m) = -11*m + 1 + 2*m + m**2 + 3. Give y(p).
-14
Let f(s) be the third derivative of s**7/1008 - s**6/240 + 59*s**5/60 - 102*s**2. Let r(o) be the third derivative of f(o). Give r(3).
12
Let x(f) = 7*f**3 - 11*f**2 + 97*f. Let o(d) = -6*d**3 + 9*d**2 - 88*d. Let c(q) = 9*o(q) + 8*x(q). Give c(5).
-5
Suppose 22 - 1 = 7*s. Let k(r) = -4 - 3*r**3 + 2*r**s - 7*r + 3*r + r**2 - r + 2*r**3. Give k(-4).
-32
Let w(k) be the first derivative of -2*k**3/3 - k**2/2 + 2*k + 3751. Calculate w(1).
-1
Let k(r) = r - 2. Let c(x) = x - 7. Suppose 24*v - 30*v - 12 = 0. Let h(a) = v*k(a) + c(a). Let y be (-2 - 15/(-12))*12. What is h(y)?
6
Let x(t) = 2*t**2 + 5*t - 9. Let r(k) = 3*k**2 + 7*k - 14. Let g(u) = 5*r(u) - 8*x(u). Let q = 0 + -6. Calculate g(q).
-4
Let l be (-15)/2 - (18 - 27). Let o(r) be the first derivative of -l*r**2 - 12 + 0*r. Calculate o(1).
-3
Let i = 440 + -442. Let x(h) = -4*h**3 + 9*h**2 + 8*h - 1. Let d(w) = -3*w**3 + 8*w**2 + 4*w - 1. Let f(j) = i*x(j) + 3*d(j). Suppose c = 1 + 3. Determine f(c).
15
Suppose c - 4*a - 76 + 24 = 0, -5*c + 323 = a. Let p = c + -61. Let w(y) = 7*y + 4*y**2 + p + 0*y - 3*y. What is w(-2)?
11
Let x(u) = -45*u + 190. Let b be x(4). Let g(f) = -10 - b + 2*f + 46 - 19 - f. Suppose 0 = 3*m + 4*a + 11, 3*m + 4 = -5*a - 6. Determine g(m).
2
Let b(t) = -33*t - 2362. Let y be b(-72). Let k(d) = d**3 - 15*d**2 + 15*d - 18. What is k(y)?
-4
Let a be 2/16 - 33/8. Let q(z) = 13*z - 5. Let y(r) = 38*r - 14. Let f(x) = a*y(x) + 11*q(x). What is f(1)?
-8
Let z(d) = -d**3 + 8*d**2 + 6. Let j(y) = 2*y**3 - 16*y**2 - 12. Suppose 2 = -26*i + 27*i. Let a(o) = i*j(o) + 5*z(o). Calculate a(8).
6
Let b = -181 - -55. Let s be (-1*12)/(b/84). Let j(n) = n - 7. What is j(s)?
1
Let o(j) = j**2 + 12*j - 128. Let p be 7/(-5) - (-11886)/1415. Calculate o(p).
5
Let b(w) = -28*w - 9. Let h(l) = -9*l**2 - 359*l + 36. Let g be h(-40). Calculate b(g).
103
Let d(k) = 188*k - 3213. Let b be d(17). Let p(y) = -y**2 - 16*y - 9. Determine p(b).
-26
Let v = -158 - -151. Let b = -4 - v. Let j(n) = 6*n - 4. What is j(b)?
14
Suppose 5*j + 4 = -2*m + 6*j, 0 = -8*j - 48. Let w(s) = -5*s**2 + 3*s + 1. Determine w(m).
-139
Let r(m) = 2*m**2 - 23*m + 35. Let i = -2234 - -2243. Determine r(i).
-10
Let j(c) = -2*c - 27. Let z = 1808 + -1816. Calculate j(z).
-11
Let c(k) = -48*k**2 - 21*k + 31. Let n(f) = 17*f**2 + 7*f - 10. Let q(m) = -6*c(m) - 17*n(m). Calculate q(5).
-6
Let u(g) = g**2 + 7*g. Let r be -5 + 9/11 - (-4)/22. Let d be (-560)/91 - r/26. What is u(d)?
-6
Let g(q) = -q**3 - 19*q**2 - 31*q + 16. Suppose 149*n = -1914 - 68 - 551. Determine g(n).
-35
Let o(q) be the first derivative of 2*q**2 + 3*q + 400. Calculate o(-1).
-1
Suppose -1 = -2*w + 5*n, -n = 2*n - 15. Let c = 16 - w. Let p(z) be the second derivative of -z**3 - 3*z**2/2 - 62*z. Determine p(c).
-21
Let w(l) = 2*l + 6. Let b be (0 + 2 + -1)/((-4)/(-20)). Suppose -3 = -5*j + 2, -4*c - b*j = 11. Calculate w(c).
-2
Let w(o) = -2*o**2 - 10*o + 5. Suppose -165 = -8*a - 205. Determine w(a).
5
Let b(v) = v**2 + 9*v - 4. Let x be -6*(-3)/(-30)*16 + (-10)/25. Determine b(x).
6
Let f(g) be the second derivative of g**3/3 + g**2 - g - 109. Suppose 8*h = -36 + 124. Let y = 18 - h. Determine f(y).
16
Let f(o) = o**3 - 3*o**2 - 4*o + 6. Let l be (-2 - -3)*(-18 - 2). Let c = 17 + l. Let g be 70/5*c/((-42)/4). Calculate f(g).
6
Let y(o) be the first derivative of 18*o - 1/3*o**3 + 1/2*o**2 - 4. What is y(0)?
18
Suppose 0 = v + 9*t - 4*t - 19, 5*v + 7 = 9*t. Let l(r) be the second derivative of -7*r + 0 - 5/6*r**3 + r**2 + 1/12*r**v. Determine l(5).
2
Let s be 34/14 + 6/(-14). Let d = 7 + s. Suppose 14*q + 5 = d*q. Let z(p) = 6*p**3 - p - 1. Give z(q).
-6
Suppose -4*l = 2 + 10, 3*d - 5*l = 39. Let g(n) = -2*n - 7*n + d*n + 2. Let k be (-4)/(-1) + 12/(-2). Give g(k).
4
Suppose -24 + 96 = -9*v. Let o(q) = 3*q**2 + 19*q - 15. What is o(v)?
25
Let w(t) be the first derivative of t**3 + 11*t**2/2 - 6*t + 78. Let g(i) = -4*i**2 - 12*i + 5. Let s(m) = -4*g(m) - 5*w(m). Calculate s(6).
4
Suppose 0 = 3*v, -4*q + 4*v = -41 + 13. Suppose q = 2*k + 13. Let d(t) be the third derivative of -t**5/60 - 2*t**3/3 + 4*t**2. Give d(k).
-13
Let a(k) be the second derivative of k**4/12 - 2*k**3/3 - 3*k**2 + 165*k + 2. Determine a(5).
-1
Suppose -5*q + 12370 = 5*m, -3629 - 3793 = -3*q - 2*m. Let y(u) = 4962*u**2 - 2483*u**2 - 3*u -